b
In base 2, what is -1100010011 - -11000100001?
1100001110
In base 6, what is -1 + 11134?
11133
In base 10, what is 1545 - -124?
1669
In base 4, what is -1102003 + 10?
-1101333
In base 14, what is -28c5 - 10?
-28d5
In base 8, what is -5 - -41002?
40775
In base 15, what is -1 - -145375?
145374
In base 8, what is 61 - 147760?
-147677
In base 3, what is 11011011 + -111?
11010200
In base 3, what is 11012000110 + 110?
11012000220
In base 13, what is c3cb - 5?
c3c6
In base 2, what is 101111 - 11100101010011?
-11100100100100
In base 15, what is 0 - -3548?
3548
In base 14, what is 155 - -48b?
602
In base 5, what is -133214024 + 2?
-133214022
In base 3, what is -10211110210 - 1?
-10211110211
In base 10, what is 568 - -206?
774
In base 4, what is 1131211323 + 2?
1131211331
In base 9, what is -3 - -72207?
72204
In base 9, what is 3 + -414711?
-414707
In base 3, what is -12 - -2122110122?
2122110110
In base 11, what is 95628 + 7?
95634
In base 5, what is -4132 + -23230?
-32412
In base 11, what is 5725 + 2?
5727
In base 4, what is 3121213 + -2300?
3112313
In base 11, what is 159 - -589?
737
In base 9, what is -4 + -27413?
-27417
In base 6, what is 55443 + -4?
55435
In base 5, what is 2 - -200022?
200024
In base 14, what is -5d361 - -5?
-5d35a
In base 10, what is 463 + -20?
443
In base 4, what is 0 - -1313223?
1313223
In base 15, what is 10 - -6bcc?
6bdc
In base 5, what is 11 + -1223141?
-1223130
In base 14, what is 12c4 - -dd?
13c3
In base 4, what is 321120 - -1312?
323032
In base 13, what is 1605 + -11?
15c4
In base 11, what is -42a - 102?
-531
In base 8, what is 172 - 604?
-412
In base 2, what is -11 - -101010111000111001001?
101010111000111000110
In base 15, what is 0 - -74d1?
74d1
In base 8, what is 1 - 173007?
-173006
In base 12, what is 6 + 121a?
1224
In base 15, what is -2 - 1c2e97?
-1c2e99
In base 16, what is -466 - -1?
-465
In base 14, what is 2 - 41148?
-41146
In base 3, what is 1 - -1211112010?
1211112011
In base 2, what is -1111111101101 + 1010101?
-1111110011000
In base 16, what is 106a04 + -5?
1069ff
In base 15, what is a3ec - -6?
a403
In base 4, what is -2013031 + -1?
-2013032
In base 4, what is 30223113 + 1?
30223120
In base 12, what is -39 - -895?
858
In base 11, what is 0 - 146894?
-146894
In base 13, what is -43653 - -5?
-4364b
In base 14, what is -2 - -8150?
814c
In base 7, what is 323 + -1024?
-401
In base 9, what is -5 - 132287?
-132303
In base 7, what is -4 - -26551?
26544
In base 14, what is -38ac + 1a?
-3892
In base 15, what is -54117 - 1?
-54118
In base 9, what is -1846 - 304?
-2251
In base 5, what is 12342 - -33?
12430
In base 12, what is -2b66 + -17?
-2b81
In base 14, what is 250 - 81c?
-5ac
In base 14, what is 646 + 173?
7b9
In base 4, what is -2202 + -10312?
-13120
In base 3, what is 22 + -2010012011?
-2010011212
In base 5, what is -20401 - 111?
-21012
In base 16, what is 4 + 1e775?
1e779
In base 5, what is -12 + 100212310?
100212243
In base 6, what is -100 - -101011?
100511
In base 8, what is 153104 - -4?
153110
In base 13, what is -51 + -cc0?
-1041
In base 9, what is 34407 + -5?
34402
In base 12, what is 93070 - 3?
93069
In base 2, what is -1 - 10011111010010011111?
-10011111010010100000
In base 16, what is d - -73f6?
7403
In base 12, what is 27a - b04?
-846
In base 8, what is -1563403 + 4?
-1563377
In base 14, what is 60b1 - -37?
6108
In base 6, what is 0 - -2113502?
2113502
In base 6, what is -505 + 15?
-450
In base 16, what is 5 + f799?
f79e
In base 5, what is -1233 + -2220?
-4003
In base 6, what is -1 + 44240?
44235
In base 4, what is 230311 + -302?
230003
In base 5, what is -212 - -442?
230
In base 12, what is 1 - 259298?
-259297
In base 10, what is -210983 + -29?
-211012
In base 6, what is 1 + 51414?
51415
In base 8, what is -331 + -257?
-610
In base 14, what is c0375 - -2?
c0377
In base 9, what is -2 + 3225?
3223
In base 6, what is -354 + -3100?
-3454
In base 14, what is -1a + 31549?
3152d
In base 5, what is 4024 - 1133?
2341
In base 13, what is 33c0 - 4?
33b9
In base 7, what is 1513 - -23?
1536
In base 16, what is 5 + 24f83?
24f88
In base 14, what is -2 + -508b?
-508d
In base 3, what is 111 + 110200012?
110200200
In base 7, what is -1563344 - 5?
-1563352
In base 12, what is -107 + -247b?
-2586
In base 14, what is -2b4b + 1?
-2b4a
In base 8, what is 67224 + 4?
67230
In base 16, what is -2d + -2e4e?
-2e7b
In base 14, what is db - 6d42?
-6c45
In base 2, what is 10100 + -1110101111011?
-1110101100111
In base 14, what is 63363 + 5?
63368
In base 7, what is -1216501 - -2?
-1216466
In base 11, what is 57 + 88?
134
In base 7, what is -211216 + 1?
-211215
In base 6, what is 23521541 + 1?
23521542
In base 9, what is 2018 + 75?
2104
In base 6, what is 2 + -121412?
-121410
In base 6, what is -2541 + -100?
-3041
In base 10, what is -3 - -1806?
1803
In base 8, what is 25320 + -17?
25301
In base 12, what is 5 - -37290b?
372914
In base 2, what is 1101110111011 - 1111011?
1101101000000
In base 11, what is 39398 + 5?
393a2
In base 4, what is 11 + 2000033?
2000110
In base 5, what is 23034 + 10?
23044
In base 13, what is 4 - -12a6?
12aa
In base 2, what is 101 - 100100001111011?
-100100001110110
In base 9, what is -4752 - -785?
-3856
In base 16, what is -3 + -234d?
-2350
In base 2, what is -100111010110 - 101?
-100111011011
In base 14, what is -15a + 4577?
441b
In base 16, what is 1afeb + 5?
1aff0
In base 13, what is -b4 + -205?
-2b9
In base 3, what is -202002011010 - 1?
-202002011011
In base 10, what is -19 + -16?
-35
In base 13, what is 3 + -25c128?
-25c125
In base 11, what is 2 + 105aa?
10601
In base 10, what is 1895 + 1789?
3684
In base 16, what is f7ea + -3?
f7e7
In base 15, what is -1e8a + 26?
-1e64
In base 7, what is -113223 - 116?
-113342
In base 14, what is 13 + -1356?
-1343
In base 9, what is -22283 + -5?
-22288
In base 13, what is -3b33 + 2?
-3b31
In base 5, what is 1222 + 3300?
10022
In base 5, what is 433220 + 10?
433230
In base 3, what is -11 + -2222101021?
-2222101102
In base 15, what is a - 203d?
-2033
In base 8, what is -14 + -343337?
-343353
In base 12, what is -2954a - -5?
-29545
In base 11, what is -a460 + -50?
-a500
In base 15, what is -5b7 + 1c9?
-3dd
In base 14, what is 17 - 6728?
-6711
In base 13, what is -3 + 93bba?
93bb7
In base 3, what is -102021 + -21222?
-201020
In base 3, what is 201122 - -2?
201201
In base 9, what is 31403 - -2?
31405
In base 8, what is 1775 + -753?
1022
In base 13, what is 1504 - -1b?
1522
In base 2, what is -1110 - 1000001110010?
-1000010000000
In base 2, what is 10011111 - 10100010010?
-10001110011
In base 7, what is 2 + 11002?
11004
In base 7, what is 1304 + -3510?
-2203
In base 4, what is 11320 + 21020?
33000
In base 13, what is -35a66 - 0?
-35a66
In base 12, what is -2350 + 183?
-2189
In base 14, what is 2d8 - 3?
2d5
In base 3, what is -121221120210 + 2?
-121221120201
In base 10, what is -63067 + 3?
-63064
In base 5, what is -42 - 3133?
-3230
In base 13, what is 8 + -a7b3?
-a7a8
In base 16, what is -1b20 - -3?
-1b1d
In base 4, what is 11 + -1100112223?
-1100112212
In base 12, what is -215 - -33a?
125
In base 4, what is 3 - -131021?
131030
In base 15, what is 9a091 - 1?
9a090
In base 16, what is 22a8 - 9?
229f
In base 10, what is 10277 - -4?
10281
In base 11, what is -7 - 21211?
-21218
In base 11, what is 6 - 4767?
-4761
In base 6, what is -25045 - 15?
-25104
In base 9, what is 1338383 - 8?
1338374
In base 3, what is 212202 + -1101?
211101
In base 9, what is 882 - -370?
1362
In base 9, what is 2 + -44018?
-44016
In base 3, what is 2 + -222000111020?
-222000111011
In base 4, what is -201222 - 21?
-201303
In base 11, what is 71 + -3306?
-3245
In base 10, what is 23 + 8084?
8107
In base 3, what is 1010010 + 12021?
1022101
In base 12, what is 2 - 12a7a9?
-12a7a7
In base 9, what is -62 + -14506?
-14568
In base 16, what is aee8 + 6?
aeee
In base 2, what is -1110110011 - 11100010111?
-101011001010
In base 2, what is 100011101110 + -100101?
100011001001
In base 14, what is -13dd0a + -3?
-13dd0d
In base 10, what is -5 - -9074?
9069
In base 9, what is -37 + 426?
378
In base 3, what is 110112 - -2122012?
10002201
In base 2, what is -1000010010100 + -1111101?
-1000100010001
In base 12, what is 159 - 1524?
-1387
In base 14, what is 3 - 1384?
-1381
In base 12, what is 6 - 1a05?
-19bb
In base 2